{"id":63,"date":"2025-04-09T18:58:37","date_gmt":"2025-04-09T16:58:37","guid":{"rendered":"https:\/\/pierrefittepeinture.fr\/index.php\/peinture\/"},"modified":"2025-04-15T15:50:46","modified_gmt":"2025-04-15T13:50:46","slug":"peinture","status":"publish","type":"page","link":"https:\/\/pierrefittepeinture.fr\/index.php\/peinture\/","title":{"rendered":"Peinture"},"content":{"rendered":"\n<h2 class=\"wp-block-heading\"><\/h2>\n\n\n\n<div class=\"wp-block-media-text is-stacked-on-mobile\" style=\"grid-template-columns:39% auto\"><figure class=\"wp-block-media-text__media\"><img loading=\"lazy\" decoding=\"async\" width=\"612\" height=\"408\" src=\"http:\/\/pierrefittepeinture.fr\/wp-content\/uploads\/2025\/04\/nuanciers.jpg\" alt=\"\" class=\"wp-image-132 size-full\" srcset=\"https:\/\/pierrefittepeinture.fr\/wp-content\/uploads\/2025\/04\/nuanciers.jpg 612w, https:\/\/pierrefittepeinture.fr\/wp-content\/uploads\/2025\/04\/nuanciers-300x200.jpg 300w\" sizes=\"(max-width: 612px) 100vw, 612px\" \/><\/figure><div class=\"wp-block-media-text__content\">\n<p><strong>Christophe, peintre<\/strong>&nbsp;exp\u00e9riment\u00e9 depuis 2006 et install\u00e9 depuis 2014, a pour vocation de vous offrir des prestations de qualit\u00e9 en accord avec vos envies et vos besoins. Que cela soit en&nbsp;<strong>peinture d\u2019int\u00e9rieur ou d\u2019ext\u00e9rieur<\/strong>, sur des&nbsp;<strong>b\u00e2timents professionnels comme sur des habitations !<\/strong><\/p>\n\n\n\n<p>En \u00e9tudiant avec int\u00e9r\u00eat et professionnalisme votre demande, notre \u00e9quipe sp\u00e9cialis\u00e9e dans les travaux de second \u0153uvre met son savoir-faire \u00e0 votre disposition afin de faire de vos projets une r\u00e9ussite partag\u00e9e. Nous sommes dispos\u00e9s \u00e0 vous accompagner tout au long de vos&nbsp;<strong>projets de peinture et\/ou de r\u00e9novation<\/strong>. Nous intervenons pour : des travaux de pr\u00e9paration, des travaux de peinture int\u00e9rieur, la pose de papier peint, la r\u00e9novation de parquet, les travaux de peinture ext\u00e9rieur.<\/p>\n<\/div><\/div>\n\n\n\n<div style=\"height:100px\" aria-hidden=\"true\" class=\"wp-block-spacer\"><\/div>\n\n\n\n<div class=\"wp-block-media-text has-media-on-the-right is-stacked-on-mobile\"><div class=\"wp-block-media-text__content\">\n<h3 class=\"wp-block-heading has-text-align-center\"><strong><mark style=\"background-color:rgba(0, 0, 0, 0);color:#5bc33d\" class=\"has-inline-color\">Pr\u00e9paration<\/mark><\/strong><\/h3>\n\n\n\n<p class=\"has-text-align-center\">La pr\u00e9paration du support est essentielle pour appliquer un nouveau rev\u00eatement avec des finitions parfaites, incluant le retrait d\u2019\u00e9l\u00e9ments, la r\u00e9paration de d\u00e9fauts et l\u2019application d\u2019enduits de lissage ou de toile de verre. <\/p>\n<\/div><figure class=\"wp-block-media-text__media\"><img loading=\"lazy\" decoding=\"async\" width=\"900\" height=\"664\" src=\"https:\/\/pierrefittepeinture.fr\/wp-content\/uploads\/2025\/04\/poncage-mur.jpg\" alt=\"\" class=\"wp-image-289 size-full\" srcset=\"https:\/\/pierrefittepeinture.fr\/wp-content\/uploads\/2025\/04\/poncage-mur.jpg 900w, https:\/\/pierrefittepeinture.fr\/wp-content\/uploads\/2025\/04\/poncage-mur-300x221.jpg 300w, https:\/\/pierrefittepeinture.fr\/wp-content\/uploads\/2025\/04\/poncage-mur-768x567.jpg 768w\" sizes=\"(max-width: 900px) 100vw, 900px\" \/><\/figure><\/div>\n\n\n\n<div style=\"height:100px\" aria-hidden=\"true\" class=\"wp-block-spacer\"><\/div>\n\n\n\n<div class=\"wp-block-media-text is-stacked-on-mobile\" style=\"grid-template-columns:60% auto\"><figure class=\"wp-block-media-text__media\"><img loading=\"lazy\" decoding=\"async\" width=\"1024\" height=\"524\" src=\"https:\/\/pierrefittepeinture.fr\/wp-content\/uploads\/2025\/04\/cuisine-simon2-1024x524.jpg\" alt=\"\" class=\"wp-image-307 size-full\" srcset=\"https:\/\/pierrefittepeinture.fr\/wp-content\/uploads\/2025\/04\/cuisine-simon2-1024x524.jpg 1024w, https:\/\/pierrefittepeinture.fr\/wp-content\/uploads\/2025\/04\/cuisine-simon2-300x153.jpg 300w, https:\/\/pierrefittepeinture.fr\/wp-content\/uploads\/2025\/04\/cuisine-simon2-768x393.jpg 768w, https:\/\/pierrefittepeinture.fr\/wp-content\/uploads\/2025\/04\/cuisine-simon2-1536x786.jpg 1536w, https:\/\/pierrefittepeinture.fr\/wp-content\/uploads\/2025\/04\/cuisine-simon2.jpg 1691w\" sizes=\"(max-width: 1024px) 100vw, 1024px\" \/><\/figure><div class=\"wp-block-media-text__content\">\n<h3 class=\"wp-block-heading has-text-align-center\"><mark style=\"background-color:rgba(0, 0, 0, 0);color:#4ca946\" class=\"has-inline-color\"><strong>Peinture int\u00e9rieure<\/strong><\/mark><\/h3>\n\n\n\n<p class=\"has-text-align-center\">Notre priorit\u00e9 est de vous garantir un rev\u00eatement r\u00e9sistant. C\u2019est pourquoi, nous mettons un point d\u2019honneur \u00e0 vous proposer une gamme compl\u00e8te de peintures acryliques, glyc\u00e9rophtaliques, naturelles et biologiques de grande qualit\u00e9. Notre \u00e9quipe est l\u00e0 pour vous guider dans le choix de la peinture qui r\u00e9pond \u00e0 vos pr\u00e9f\u00e9rences et \u00e0 votre budget.<\/p>\n<\/div><\/div>\n\n\n\n<div style=\"height:100px\" aria-hidden=\"true\" class=\"wp-block-spacer\"><\/div>\n\n\n\n<div class=\"wp-block-media-text has-media-on-the-right is-stacked-on-mobile\" style=\"grid-template-columns:auto 53%\"><div class=\"wp-block-media-text__content\">\n<h3 class=\"wp-block-heading has-text-align-center\"><mark style=\"background-color:rgba(0, 0, 0, 0);color:#64b04d\" class=\"has-inline-color\"><strong>Papier peint<\/strong><\/mark><\/h3>\n\n\n\n<p class=\"has-text-align-center\">Le papier peint, tendance et original, revient en force dans la d\u00e9coration int\u00e9rieure avec une vari\u00e9t\u00e9 infinie de motifs et couleurs pour exprimer votre cr\u00e9ativit\u00e9.<\/p>\n<\/div><figure class=\"wp-block-media-text__media\"><img loading=\"lazy\" decoding=\"async\" width=\"700\" height=\"700\" src=\"https:\/\/pierrefittepeinture.fr\/wp-content\/uploads\/2025\/04\/le-papier-peint-colore.webp\" alt=\"\" class=\"wp-image-308 size-full\" srcset=\"https:\/\/pierrefittepeinture.fr\/wp-content\/uploads\/2025\/04\/le-papier-peint-colore.webp 700w, https:\/\/pierrefittepeinture.fr\/wp-content\/uploads\/2025\/04\/le-papier-peint-colore-300x300.webp 300w, https:\/\/pierrefittepeinture.fr\/wp-content\/uploads\/2025\/04\/le-papier-peint-colore-150x150.webp 150w\" sizes=\"(max-width: 700px) 100vw, 700px\" \/><\/figure><\/div>\n\n\n\n<div style=\"height:100px\" aria-hidden=\"true\" class=\"wp-block-spacer\"><\/div>\n\n\n\n<div class=\"wp-block-media-text is-stacked-on-mobile\"><figure class=\"wp-block-media-text__media\"><img loading=\"lazy\" decoding=\"async\" width=\"1024\" height=\"512\" src=\"https:\/\/pierrefittepeinture.fr\/wp-content\/uploads\/2025\/04\/retirer-fibre-verre-mur_0-1-1024x512.jpg\" alt=\"\" class=\"wp-image-294 size-full\" srcset=\"https:\/\/pierrefittepeinture.fr\/wp-content\/uploads\/2025\/04\/retirer-fibre-verre-mur_0-1-1024x512.jpg 1024w, https:\/\/pierrefittepeinture.fr\/wp-content\/uploads\/2025\/04\/retirer-fibre-verre-mur_0-1-300x150.jpg 300w, https:\/\/pierrefittepeinture.fr\/wp-content\/uploads\/2025\/04\/retirer-fibre-verre-mur_0-1-768x384.jpg 768w, https:\/\/pierrefittepeinture.fr\/wp-content\/uploads\/2025\/04\/retirer-fibre-verre-mur_0-1-1536x768.jpg 1536w, https:\/\/pierrefittepeinture.fr\/wp-content\/uploads\/2025\/04\/retirer-fibre-verre-mur_0-1-1920x960.jpg 1920w, https:\/\/pierrefittepeinture.fr\/wp-content\/uploads\/2025\/04\/retirer-fibre-verre-mur_0-1.jpg 2000w\" sizes=\"(max-width: 1024px) 100vw, 1024px\" \/><\/figure><div class=\"wp-block-media-text__content\">\n<h3 class=\"wp-block-heading has-text-align-center\"><strong><mark style=\"background-color:rgba(0, 0, 0, 0);color:#4fad3d\" class=\"has-inline-color\">Fibre de verre<\/mark><\/strong><\/h3>\n\n\n\n<p class=\"has-text-align-center\">La fibre de verre, ou toile de verre,\u00a0sont particuli\u00e8rement utiles lors de travaux de r\u00e9novation.\u00a0Elle permet de cacher les d\u00e9fauts et diverses irr\u00e9gularit\u00e9s pr\u00e9sentes sur le plafond ou sur les murs. Lisse ou \u00e0 motif, taloch\u00e9e ou pr\u00e9peinte, la fibre de verre se d\u00e9cline en nombreux mod\u00e8les.<\/p>\n<\/div><\/div>\n\n\n\n<div style=\"height:100px\" aria-hidden=\"true\" class=\"wp-block-spacer\"><\/div>\n\n\n\n<div class=\"wp-block-media-text has-media-on-the-right is-stacked-on-mobile\"><div class=\"wp-block-media-text__content\">\n<h3 class=\"wp-block-heading has-text-align-center\"><strong><mark style=\"background-color:rgba(0, 0, 0, 0);color:#5eb13c\" class=\"has-inline-color\">Vitrerie<\/mark><\/strong><\/h3>\n\n\n\n<p class=\"has-text-align-center\">Fourniture et pose de vitrerie pour la r\u00e9paration sur des fen\u00eatres, portes ou toute autre ouverture fixe\u00a0. Il peut s&rsquo;agir de l&rsquo;ensemble du verre d&rsquo;une structure ou de l&rsquo;installation d&rsquo;une vitre dans un ch\u00e2ssis ou un cadre.<\/p>\n<\/div><figure class=\"wp-block-media-text__media\"><img loading=\"lazy\" decoding=\"async\" width=\"600\" height=\"400\" src=\"https:\/\/pierrefittepeinture.fr\/wp-content\/uploads\/2025\/04\/65GalerieCauterets02.jpg\" alt=\"\" class=\"wp-image-295 size-full\" srcset=\"https:\/\/pierrefittepeinture.fr\/wp-content\/uploads\/2025\/04\/65GalerieCauterets02.jpg 600w, https:\/\/pierrefittepeinture.fr\/wp-content\/uploads\/2025\/04\/65GalerieCauterets02-300x200.jpg 300w\" sizes=\"(max-width: 600px) 100vw, 600px\" \/><\/figure><\/div>\n\n\n\n<div style=\"height:100px\" aria-hidden=\"true\" class=\"wp-block-spacer\"><\/div>\n\n\n\n<div class=\"wp-block-media-text is-stacked-on-mobile\" style=\"grid-template-columns:51% auto\"><figure class=\"wp-block-media-text__media\"><img loading=\"lazy\" decoding=\"async\" width=\"900\" height=\"500\" src=\"https:\/\/pierrefittepeinture.fr\/wp-content\/uploads\/2025\/04\/Facade-1.webp\" alt=\"\" class=\"wp-image-327 size-full\" srcset=\"https:\/\/pierrefittepeinture.fr\/wp-content\/uploads\/2025\/04\/Facade-1.webp 900w, https:\/\/pierrefittepeinture.fr\/wp-content\/uploads\/2025\/04\/Facade-1-300x167.webp 300w, https:\/\/pierrefittepeinture.fr\/wp-content\/uploads\/2025\/04\/Facade-1-768x427.webp 768w\" sizes=\"(max-width: 900px) 100vw, 900px\" \/><\/figure><div class=\"wp-block-media-text__content\">\n<h3 class=\"wp-block-heading\"><strong><mark style=\"background-color:rgba(0, 0, 0, 0);color:#40a52c\" class=\"has-inline-color\">Peinture Ext\u00e9rieure<\/mark><\/strong><\/h3>\n\n\n\n<p>Pr\u00e9servez et sublimez vos fa\u00e7ades<\/p>\n\n\n\n<p>La fa\u00e7ade de votre b\u00e2timent est constamment expos\u00e9e aux agressions ext\u00e9rieures telles que les intemp\u00e9ries, la pollution et les variations climatiques, ce qui entra\u00eene son vieillissement progressif.<\/p>\n\n\n\n<p>Prendre soin de vos ext\u00e9rieurs n\u2019est pas seulement une question d\u2019esth\u00e9tique : c\u2019est aussi essentiel pour pr\u00e9server la solidit\u00e9 et la long\u00e9vit\u00e9 de votre b\u00e2timent.<\/p>\n<\/div><\/div>\n\n\n\n<div style=\"height:100px\" aria-hidden=\"true\" class=\"wp-block-spacer\"><\/div>\n\n\n\n<figure class=\"wp-block-gallery has-nested-images columns-default is-cropped wp-block-gallery-1 is-layout-flex wp-block-gallery-is-layout-flex\">\n<figure class=\"wp-block-image size-large\"><img loading=\"lazy\" decoding=\"async\" width=\"768\" height=\"1024\" data-id=\"300\" src=\"https:\/\/pierrefittepeinture.fr\/wp-content\/uploads\/2025\/04\/1porte-dentree-avant-768x1024.jpg\" alt=\"\" class=\"wp-image-300\" srcset=\"https:\/\/pierrefittepeinture.fr\/wp-content\/uploads\/2025\/04\/1porte-dentree-avant-768x1024.jpg 768w, https:\/\/pierrefittepeinture.fr\/wp-content\/uploads\/2025\/04\/1porte-dentree-avant-225x300.jpg 225w, https:\/\/pierrefittepeinture.fr\/wp-content\/uploads\/2025\/04\/1porte-dentree-avant-1152x1536.jpg 1152w, https:\/\/pierrefittepeinture.fr\/wp-content\/uploads\/2025\/04\/1porte-dentree-avant-810x1080.jpg 810w, https:\/\/pierrefittepeinture.fr\/wp-content\/uploads\/2025\/04\/1porte-dentree-avant.jpg 1536w\" sizes=\"(max-width: 768px) 100vw, 768px\" \/><\/figure>\n\n\n\n<figure class=\"wp-block-image size-large\"><img loading=\"lazy\" decoding=\"async\" width=\"768\" height=\"1024\" data-id=\"301\" src=\"https:\/\/pierrefittepeinture.fr\/wp-content\/uploads\/2025\/04\/2-Porte-dentree-apres-768x1024.jpg\" alt=\"\" class=\"wp-image-301\" srcset=\"https:\/\/pierrefittepeinture.fr\/wp-content\/uploads\/2025\/04\/2-Porte-dentree-apres-768x1024.jpg 768w, https:\/\/pierrefittepeinture.fr\/wp-content\/uploads\/2025\/04\/2-Porte-dentree-apres-225x300.jpg 225w, https:\/\/pierrefittepeinture.fr\/wp-content\/uploads\/2025\/04\/2-Porte-dentree-apres-1152x1536.jpg 1152w, https:\/\/pierrefittepeinture.fr\/wp-content\/uploads\/2025\/04\/2-Porte-dentree-apres-810x1080.jpg 810w, https:\/\/pierrefittepeinture.fr\/wp-content\/uploads\/2025\/04\/2-Porte-dentree-apres.jpg 1536w\" sizes=\"(max-width: 768px) 100vw, 768px\" \/><\/figure>\n<\/figure>\n\n\n\n<h3 class=\"wp-block-heading has-text-align-center\"><mark style=\"background-color:rgba(0, 0, 0, 0);color:#50993b\" class=\"has-inline-color\"><strong>Boiseries, fer forg\u00e9 et volets<\/strong><\/mark><\/h3>\n\n\n\n<p class=\"has-text-align-center\">La peinture des boiseries, fer forg\u00e9 et volets n\u2019est pas juste un agr\u00e9ment esth\u00e9tique : elle assure aussi la parfaite conservation des mat\u00e9riaux dans le temps, en les prot\u00e9geant des ravageurs, des intemp\u00e9ries ou de la rouille. Nous vous conseillons dans le traitement des surfaces le plus adapt\u00e9, avant de proc\u00e9der aux interventions n\u00e9cessaires.<\/p>\n\n\n\n<div style=\"height:100px\" aria-hidden=\"true\" class=\"wp-block-spacer\"><\/div>\n\n\n\n<p><\/p>\n","protected":false},"excerpt":{"rendered":"<p>Christophe, peintre&nbsp;exp\u00e9riment\u00e9 depuis 2006 et install\u00e9 depuis 2014, a pour vocation de vous offrir des prestations de qualit\u00e9 en accord avec vos envies et vos besoins. Que cela soit en&nbsp;peinture d\u2019int\u00e9rieur ou d\u2019ext\u00e9rieur, sur des&nbsp;b\u00e2timents professionnels comme sur des habitations ! En \u00e9tudiant avec int\u00e9r\u00eat et professionnalisme votre demande, notre \u00e9quipe sp\u00e9cialis\u00e9e dans les travaux [&hellip;]<\/p>\n","protected":false},"author":1,"featured_media":0,"parent":0,"menu_order":0,"comment_status":"closed","ping_status":"closed","template":"","meta":{"saved_in_kubio":true,"footnotes":""},"class_list":["post-63","page","type-page","status-publish","hentry"],"kubio_ai_page_context":{"short_desc":"","purpose":"general"},"_links":{"self":[{"href":"https:\/\/pierrefittepeinture.fr\/index.php\/wp-json\/wp\/v2\/pages\/63","targetHints":{"allow":["GET"]}}],"collection":[{"href":"https:\/\/pierrefittepeinture.fr\/index.php\/wp-json\/wp\/v2\/pages"}],"about":[{"href":"https:\/\/pierrefittepeinture.fr\/index.php\/wp-json\/wp\/v2\/types\/page"}],"author":[{"embeddable":true,"href":"https:\/\/pierrefittepeinture.fr\/index.php\/wp-json\/wp\/v2\/users\/1"}],"replies":[{"embeddable":true,"href":"https:\/\/pierrefittepeinture.fr\/index.php\/wp-json\/wp\/v2\/comments?post=63"}],"version-history":[{"count":19,"href":"https:\/\/pierrefittepeinture.fr\/index.php\/wp-json\/wp\/v2\/pages\/63\/revisions"}],"predecessor-version":[{"id":375,"href":"https:\/\/pierrefittepeinture.fr\/index.php\/wp-json\/wp\/v2\/pages\/63\/revisions\/375"}],"wp:attachment":[{"href":"https:\/\/pierrefittepeinture.fr\/index.php\/wp-json\/wp\/v2\/media?parent=63"}],"curies":[{"name":"wp","href":"https:\/\/api.w.org\/{rel}","templated":true}]}}