{"id":17,"date":"2025-04-07T09:14:43","date_gmt":"2025-04-07T07:14:43","guid":{"rendered":"https:\/\/pierrefittepeinture.fr\/index.php\/front_page\/"},"modified":"2025-04-15T11:07:45","modified_gmt":"2025-04-15T09:07:45","slug":"front_page","status":"publish","type":"page","link":"https:\/\/pierrefittepeinture.fr\/","title":{"rendered":"Accueil"},"content":{"rendered":"\n<div style=\"height:89px\" aria-hidden=\"true\" class=\"wp-block-spacer\"><\/div>\n\n\n\n<h2 class=\"wp-block-heading has-text-align-center\"><mark style=\"background-color:rgba(0, 0, 0, 0)\" class=\"has-inline-color has-kubio-color-4-color\">Pierrefitte Peinture<\/mark><\/h2>\n\n\n<h5 class=\"text-align-center\" style=\"text-align: center;\"><span style=\"color: #000080;\">\u00a0<strong>est implant\u00e9e \u00e0 Pierrefitte-Nestalas<\/strong><\/span><\/h5>\n<h5 class=\"text-align-center\" style=\"text-align: center;\"><span style=\"color: #000080;\">Elle est devenue un acteur local incontournable en terme de travaux dits de finition :<strong>\u00a0\u00a0<\/strong><\/span><\/h5>\n<h5 class=\"text-align-center\" style=\"text-align: center;\"><span style=\"color: #000080;\">Peinture, Cloisons S\u00e8ches, Plafonds, Plafonds suspendus, Isolation par l&rsquo;int\u00e9rieur, Sols, <\/span><span style=\"color: #000080;\">Menuiseries Int\u00e9rieures.<\/span><\/h5>\n<h5 class=\"text-align-center\" style=\"text-align: center;\"><span style=\"color: #000080;\"><strong>Nous intervenons dans toute la vall\u00e9e des Gaves.<\/strong><\/span><\/h5>\n\n\n<div style=\"height:100px\" aria-hidden=\"true\" class=\"wp-block-spacer\"><\/div>\n\n\n\n<div class=\"wp-block-media-text is-stacked-on-mobile\"><figure class=\"wp-block-media-text__media\"><img loading=\"lazy\" decoding=\"async\" width=\"603\" height=\"601\" src=\"http:\/\/pierrefittepeinture.fr\/wp-content\/uploads\/2025\/01\/cropped-Logo-Pierrefitte1-1.jpeg\" alt=\"\" class=\"wp-image-58 size-full\" srcset=\"https:\/\/pierrefittepeinture.fr\/wp-content\/uploads\/2025\/01\/cropped-Logo-Pierrefitte1-1.jpeg 603w, https:\/\/pierrefittepeinture.fr\/wp-content\/uploads\/2025\/01\/cropped-Logo-Pierrefitte1-1-300x300.jpeg 300w, https:\/\/pierrefittepeinture.fr\/wp-content\/uploads\/2025\/01\/cropped-Logo-Pierrefitte1-1-150x150.jpeg 150w, https:\/\/pierrefittepeinture.fr\/wp-content\/uploads\/2025\/01\/cropped-Logo-Pierrefitte1-1-100x100.jpeg 100w\" sizes=\"(max-width: 603px) 100vw, 603px\" \/><\/figure><div class=\"wp-block-media-text__content\">\n<h4 class=\"wp-block-heading has-text-align-center\"><strong><mark style=\"background-color:rgba(0, 0, 0, 0)\" class=\"has-inline-color has-kubio-color-4-color\">Une histoire de Professionnels<\/mark><\/strong><\/h4>\n\n\n\n<p class=\"has-text-align-center\">Cr\u00e9er en septembre 2014 en Entreprise Individuelle, puis en 2022 sous le r\u00e9gime SARL, Christophe Y\u00c9B\u00c9N\u00c8S a repris l&rsquo;entreprise en mars 2023 l&rsquo;entreprise d\u00e9co 2000 pour lui donner une nouvelle impulsion et r\u00e9pondre toujours mieux aux attentes de nos clients.<br>Les ouvriers en place forment<strong>\u00a0une \u00e9quipe de professionnels qualifi\u00e9s<\/strong>\u00a0travaillant dans le respect de la r\u00e8glementation en vigueur et des techniques actuelles.<\/p>\n<\/div><\/div>\n\n\n\n<div style=\"height:100px\" aria-hidden=\"true\" class=\"wp-block-spacer\"><\/div>\n\n\n\n<div class=\"wp-block-media-text has-media-on-the-right is-stacked-on-mobile\"><div class=\"wp-block-media-text__content\">\n<h3 class=\"wp-block-heading has-text-align-center\"><strong><mark style=\"background-color:rgba(0, 0, 0, 0)\" class=\"has-inline-color has-kubio-color-4-color\">AU SERVICE DE VOS PROJETS<\/mark><\/strong><\/h3>\n\n\n\n<p class=\"has-text-align-center\">Parce que chaque projet est unique, notre responsable travaux se d\u00e9place sur site afin de pr\u00e9ciser vos besoins et les \u00e9l\u00e9ments techniques puis \u00e9tablir un&nbsp;<strong>devis gratuit et personnalis\u00e9.<\/strong><br>Nous serons \u00e0 votre disposition&nbsp; pour vous conseiller sur les mat\u00e9riaux et techniques les plus adapt\u00e9es \u00e0 votre projet&nbsp;<strong>NEUF,  RENOVATION MAISON, APPARTEMENT<br>PROMOTION IMMOBILIERE, LOCAUX PROFESSIONNELS<\/strong>&#8230;<br><\/p>\n<\/div><figure class=\"wp-block-media-text__media\"><img loading=\"lazy\" decoding=\"async\" width=\"1024\" height=\"774\" src=\"http:\/\/pierrefittepeinture.fr\/wp-content\/uploads\/2025\/04\/charpente-3-1024x774.jpg\" alt=\"\" class=\"wp-image-194 size-full\" srcset=\"https:\/\/pierrefittepeinture.fr\/wp-content\/uploads\/2025\/04\/charpente-3-1024x774.jpg 1024w, https:\/\/pierrefittepeinture.fr\/wp-content\/uploads\/2025\/04\/charpente-3-300x227.jpg 300w, https:\/\/pierrefittepeinture.fr\/wp-content\/uploads\/2025\/04\/charpente-3-768x581.jpg 768w, https:\/\/pierrefittepeinture.fr\/wp-content\/uploads\/2025\/04\/charpente-3.jpg 1222w\" sizes=\"(max-width: 1024px) 100vw, 1024px\" \/><\/figure><\/div>\n","protected":false},"excerpt":{"rendered":"<p>Pierrefitte Peinture \u00a0est implant\u00e9e \u00e0 Pierrefitte-Nestalas Elle est devenue un acteur local incontournable en terme de travaux dits de finition :\u00a0\u00a0 Peinture, Cloisons S\u00e8ches, Plafonds, Plafonds suspendus, Isolation par l&rsquo;int\u00e9rieur, Sols, Menuiseries Int\u00e9rieures. Nous intervenons dans toute la vall\u00e9e des Gaves. Une histoire de Professionnels Cr\u00e9er en septembre 2014 en Entreprise Individuelle, puis en 2022 [&hellip;]<\/p>\n","protected":false},"author":1,"featured_media":0,"parent":0,"menu_order":0,"comment_status":"closed","ping_status":"closed","template":"","meta":{"saved_in_kubio":true,"footnotes":""},"class_list":["post-17","page","type-page","status-publish","hentry"],"kubio_ai_page_context":{"short_desc":"","purpose":"general"},"_links":{"self":[{"href":"https:\/\/pierrefittepeinture.fr\/index.php\/wp-json\/wp\/v2\/pages\/17","targetHints":{"allow":["GET"]}}],"collection":[{"href":"https:\/\/pierrefittepeinture.fr\/index.php\/wp-json\/wp\/v2\/pages"}],"about":[{"href":"https:\/\/pierrefittepeinture.fr\/index.php\/wp-json\/wp\/v2\/types\/page"}],"author":[{"embeddable":true,"href":"https:\/\/pierrefittepeinture.fr\/index.php\/wp-json\/wp\/v2\/users\/1"}],"replies":[{"embeddable":true,"href":"https:\/\/pierrefittepeinture.fr\/index.php\/wp-json\/wp\/v2\/comments?post=17"}],"version-history":[{"count":15,"href":"https:\/\/pierrefittepeinture.fr\/index.php\/wp-json\/wp\/v2\/pages\/17\/revisions"}],"predecessor-version":[{"id":361,"href":"https:\/\/pierrefittepeinture.fr\/index.php\/wp-json\/wp\/v2\/pages\/17\/revisions\/361"}],"wp:attachment":[{"href":"https:\/\/pierrefittepeinture.fr\/index.php\/wp-json\/wp\/v2\/media?parent=17"}],"curies":[{"name":"wp","href":"https:\/\/api.w.org\/{rel}","templated":true}]}}